ded by 1176?
818
Calculate the remainder when 3722236 is divided by 26.
24
What is the remainder when 298294 is divided by 2814?
10
What is the remainder when 6440948 is divided by 2720?
2708
Calculate the remainder when 3100577 is divided by 171.
5
Calculate the remainder when 4843548 is divided by 2421774.
0
What is the remainder when 275681 is divided by 274332?
1349
What is the remainder when 9329963 is divided by 71?
66
Calculate the remainder when 508967 is divided by 56551.
8
What is the remainder when 63163635 is divided by 49?
38
What is the remainder when 29154649 is divided by 407?
18
Calculate the remainder when 73689292 is divided by 19.
15
Calculate the remainder when 5483558 is divided by 304642.
2
Calculate the remainder when 866175 is divided by 6612.
3
Calculate the remainder when 7493546 is divided by 40.
26
What is the remainder when 1652676 is divided by 16?
4
What is the remainder when 61697 is divided by 61051?
646
Calculate the remainder when 44184 is divided by 6298.
98
What is the remainder when 2468395 is divided by 33?
28
Calculate the remainder when 492674 is divided by 1273.
23
What is the remainder when 729269 is divided by 121538?
41
Calculate the remainder when 592512 is divided by 37.
31
Calculate the remainder when 78740 is divided by 3043.
2665
What is the remainder when 1947225 is divided by 17385?
105
What is the remainder when 358155 is divided by 138?
45
Calculate the remainder when 10498586 is divided by 9.
5
What is the remainder when 347252 is divided by 34722?
32
Calculate the remainder when 115264775 is divided by 92.
91
Calculate the remainder when 92964 is divided by 12364.
6416
Calculate the remainder when 88132877 is divided by 16.
13
Calculate the remainder when 79489 is divided by 4159.
468
What is the remainder when 632641143 is divided by 2350?
2343
What is the remainder when 6852159 is divided by 3680?
3679
What is the remainder when 1263737 is divided by 337?
324
Calculate the remainder when 124092155 is divided by 470046.
11
Calculate the remainder when 4894477 is divided by 257604.
1
Calculate the remainder when 4139976 is divided by 479.
458
What is the remainder when 2494626 is divided by 96?
66
Calculate the remainder when 19247381 is divided by 4167.
8
Calculate the remainder when 85104377 is divided by 164.
21
What is the remainder when 12184 is divided by 4548?
3088
What is the remainder when 44220 is divided by 6256?
428
What is the remainder when 7164827 is divided by 3582413?
1
What is the remainder when 41213015 is divided by 438436?
31
Calculate the remainder when 10391184 is divided by 2078236.
4
What is the remainder when 1097936 is divided by 74?
72
What is the remainder when 9235 is divided by 2924?
463
What is the remainder when 8130378 is divided by 80?
58
What is the remainder when 1390842 is divided by 408?
378
Calculate the remainder when 39984 is divided by 9711.
1140
What is the remainder when 48337 is divided by 3080?
2137
Calculate the remainder when 1226330 is divided by 9084.
9074
Calculate the remainder when 54406011 is divided by 10881189.
66
What is the remainder when 5736782 is divided by 51?
47
What is the remainder when 14793225 is divided by 1987?
10
What is the remainder when 58866 is divided by 58549?
317
Calculate the remainder when 128657482 is divided by 162.
160
What is the remainder when 28945 is divided by 9533?
346
Calculate the remainder when 3768997 is divided by 684.
157
What is the remainder when 9495 is divided by 8630?
865
What is the remainder when 349560 is divided by 1201?
69
What is the remainder when 259510 is divided by 173?
10
Calculate the remainder when 243136 is divided by 1511.
1376
Calculate the remainder when 29387640 is divided by 619.
615
Calculate the remainder when 719673 is divided by 395.
378
Calculate the remainder when 5845 is divided by 3731.
2114
What is the remainder when 498713 is divided by 23?
4
What is the remainder when 27530 is divided by 26449?
1081
What is the remainder when 160921 is divided by 295?
146
Calculate the remainder when 8523592 is divided by 132.
88
Calculate the remainder when 128905 is divided by 20862.
3733
What is the remainder when 6817841 is divided by 25?
16
What is the remainder when 723072 is divided by 1755?
12
Calculate the remainder when 1453443650 is divided by 657.
656
What is the remainder when 2039477 is divided by 679819?
20
What is the remainder when 592924 is divided by 296459?
6
What is the remainder when 356311407 is divided by 91?
88
What is the remainder when 209941 is divided by 17313?
2185
Calculate the remainder when 25206 is divided by 1316.
202
What is the remainder when 248524 is divided by 240?
124
What is the remainder when 1101841 is divided by 10686?
1183
What is the remainder when 4545758 is divided by 275?
8
What is the remainder when 261197 is divided by 631?
594
Calculate the remainder when 33434429 is divided by 312471.
32
What is the remainder when 1192607 is divided by 2694?
1859
Calculate the remainder when 35485882 is divided by 825253.
3
What is the remainder when 1158352 is divided by 1158105?
247
What is the remainder when 463685 is divided by 20151?
212
What is the remainder when 6007 is divided by 544?
23
Calculate the remainder when 11107140 is divided by 2221428.
0
What is the remainder when 13616186 is divided by 286?
12
Calculate the remainder when 3497941 is divided by 1327.
1296
Calculate the remainder when 31382721 is divided by 7845673.
29
What is the remainder when 1363427 is divided by 12985?
2
What is the remainder when 3631451 is divided by 175?
26
Calculate the remainder when 214457806 is divided by 37.
34
What is the remainder when 998000 is divided by 8605?
8425
Calculate the remainder when 4285155 is divided by 857031.
0
Calculate the remainder when 189234 is divided by 16617.
6447
What is the remainder when 4938759 is divided by 823125?
9
Calculate the remainder when 113537 is divided by 3145.
317
Calculate the remainder when 111877697 is divided by 961.
960
What is the remainder when 44067565 is divided by 222563?
91
What is the remainder when 41376 is divided by 308?
104
Calculate the remainder when 328104 is divided by 509.
308
What is the remainder when 211635934 is divided by 87?
82
Calculate the remainder when 2007550 is divided by 3.
1
Calculate the remainder when 1127616 is divided by 11276.
16
What is the remainder when 1262897 is divided by 382?
5
What is the remainder when 29142017 is divided by 763?
758
What is the remainder when 7308 is divided by 1231?
1153
What is the remainder when 1448143 is divided by 25859?
39
What is the remainder when 18820993 is divided by 427748?
81
What is the remainder when 44664 is divided by 4906?
510
Calculate the remainder when 8973953 is divided by 68.
61
Calculate the remainder when 506960 is divided by 1199.
982
What is the remainder when 203676 is divided by 101345?
986
What is the remainder when 10914660 is divided by 3638040?
540
What is the remainder when 128344 is divided by 916?
104
Calculate the remainder when 155746 is divided by 2394.
136
Calculate the remainder when 10768233 is divided by 24144.
9
Calculate the remainder when 13656670 is divided by 18.
16
Calculate the remainder when 110479264 is divided by 182309.
10
Calculate the remainder when 11216 is divided by 513.
443
Calculate the remainder when 1741585827 is divided by 62.
61
What is the remainder when 248059 is divided by 7?
0
What is the remainder when 35129093 is divided by 9?
5
Calculate the remainder when 156190 is divided by 4731.
67
What is the remainder when 8407093 is divided by 4503?
4495
What is the remainder when 733766373 is divided by 1734?
1731
Calculate the remainder when 473406 is divided by 118349.
10
What is the remainder when 15683 is divided by 1531?
373
Calculate the remainder when 1054293 is divided by 8.
5
What is the remainder when 8107856 is divided by 87?
65
Calculate the remainder when 42994663 is divided by 629.
626
What is the remainder when 2278160 is divided by 14792?
192
Calculate the remainder when 39615 is divided by 2655.
2445
Calculate the remainder when 83624481 is divided by 17189.
17185
Calculate the remainder when 9778045 is divided by 17.
2
What is the remainder when 372